{"id":1995,"date":"2025-02-03T07:27:15","date_gmt":"2025-02-03T07:27:15","guid":{"rendered":"https:\/\/brunstock.com\/?page_id=1995"},"modified":"2026-04-13T03:18:18","modified_gmt":"2026-04-13T03:18:18","slug":"bms","status":"publish","type":"page","link":"https:\/\/brunstock.com\/german\/bms\/","title":{"rendered":"Batteriemanagement system (BMS)"},"content":{"rendered":"<p>[et_pb_section fb_built=&#8221;1&#8243; admin_label=&#8221;section&#8221; _builder_version=&#8221;4.16&#8243; global_colors_info=&#8221;{}&#8221;][et_pb_row _builder_version=&#8221;4.27.4&#8243; _module_preset=&#8221;default&#8221; width=&#8221;90%&#8221; max_width=&#8221;1200px&#8221; global_colors_info=&#8221;{}&#8221;][et_pb_column type=&#8221;4_4&#8243; _builder_version=&#8221;4.27.4&#8243; _module_preset=&#8221;default&#8221; global_colors_info=&#8221;{}&#8221;][et_pb_text ul_position=&#8221;inside&#8221; _builder_version=&#8221;4.27.6&#8243; _module_preset=&#8221;default&#8221; ul_font=&#8221;&#8211;et_global_heading_font||||||||&#8221; ul_line_height=&#8221;1.8em&#8221; hover_enabled=&#8221;0&#8243; global_colors_info=&#8221;{}&#8221; sticky_enabled=&#8221;0&#8243;]<\/p>\n<p>Das Batteriemanagementsystem von Brunstock verf\u00fcgt \u00fcber eine dreistufige Architektur (BAMS, BCMU und BMU). Dies bietet dem Batteriesystem Flexibilit\u00e4t, Isolation, bessere St\u00f6rungsresistenz und mehr als ein Kommunikationsprotokoll. Die Equalisierungstechnologie auf Chip-Ebene sorgt f\u00fcr l\u00e4ngere Batterielebensdauer, Sicherheit und Arbeitseffizienz.<\/p>\n<p>Der leistungsstarke 32\u2011Bit\u2011MCP (Main Control Processor) nutzt Echtzeitinformationen, um mehrdimensionale Diagnosen bereitzustellen. Er bietet eine mehrstufige BMS\u2011Sicherheitstechnologie, die hochpr\u00e4zise Daten unterst\u00fctzt.<\/p>\n<p><strong>Funktionen<\/strong><\/p>\n<ul>\n<li>Datenerfassung und \u00dcberwachung von Gesamtspannung, Strom, Zellenspannung und Temperatur<\/li>\n<li>Fehlererkennung und Schutz des Batteriesystems<\/li>\n<li>Unterst\u00fctzung der Isolationspr\u00fcfung des Batteriesystems<\/li>\n<li>Sch\u00e4tzung von SOC, SOH, SOP und SOE des Batteriesystems<\/li>\n<li>Unterst\u00fctzung mehrerer Kommunikationsprotokolle, z. B. TCP\/IP, CAN, RS485 und USB<\/li>\n<li>Unterst\u00fctzung der Datenspeicherung, lokale Speicherung und Schutz der Systembetriebsdaten bei Stromausfall<\/li>\n<li>W\u00e4rmemanagement des Batteriesystems verl\u00e4ngert die Nutzungsdauer des Packs<\/li>\n<li>Equalisierungstechnologie auf Chip-Ebene<\/li>\n<li>Unterst\u00fctzung von Ethernet, CAN und Bootloader-Updates<\/li>\n<li>Daten\u00fcberwachung und Datenanzeige, mindestens 10&#8243; Farbmonitor f\u00fcr Anzeigezwecke<\/li>\n<li>Batteriesystemdaten und Parametereinstellungen<\/li>\n<li>Ereignis- und Fehleraufzeichnung f\u00fcr mindestens 30 Tage, unterst\u00fctzt auch erweiterbare Fern\u00fcberwachung der Daten<\/li>\n<\/ul>\n<p>[\/et_pb_text][\/et_pb_column][\/et_pb_row][et_pb_row _builder_version=&#8221;4.27.4&#8243; _module_preset=&#8221;default&#8221; width=&#8221;90%&#8221; max_width=&#8221;1200px&#8221; global_colors_info=&#8221;{}&#8221;][et_pb_column type=&#8221;4_4&#8243; _builder_version=&#8221;4.27.4&#8243; _module_preset=&#8221;default&#8221; global_colors_info=&#8221;{}&#8221;][et_pb_image src=&#8221;https:\/\/brunstock.com\/german\/wp-content\/uploads\/2025\/09\/BESS_Internal_Layout_v3_German.webp&#8221; alt=&#8221;Diagram of a battery energy storageg system&#8221; title_text=&#8221;BESS_Internal_Layout_v3_German&#8221; _builder_version=&#8221;4.27.4&#8243; _module_preset=&#8221;default&#8221; global_colors_info=&#8221;{}&#8221;][\/et_pb_image][et_pb_image src=&#8221;https:\/\/brunstock.com\/wp-content\/uploads\/2025\/08\/high-angle-shot-of-mountains-on-a-cloudy-day-2023-11-27-04-58-32-utc-copy.webp&#8221; title_text=&#8221;high-angle-shot-of-mountains-on-a-cloudy-day-2023-11-27-04-58-32-utc copy&#8221; _builder_version=&#8221;4.27.4&#8243; _module_preset=&#8221;default&#8221; global_colors_info=&#8221;{}&#8221;][\/et_pb_image][\/et_pb_column][\/et_pb_row][et_pb_row admin_label=&#8221;Technical data&#8221; _builder_version=&#8221;4.27.4&#8243; _module_preset=&#8221;default&#8221; width=&#8221;90%&#8221; max_width=&#8221;1200px&#8221; global_colors_info=&#8221;{}&#8221;][et_pb_column type=&#8221;4_4&#8243; _builder_version=&#8221;4.25.0&#8243; _module_preset=&#8221;default&#8221; global_colors_info=&#8221;{}&#8221;][et_pb_text _builder_version=&#8221;4.27.4&#8243; _module_preset=&#8221;default&#8221; header_2_text_color=&#8221;#0C71C3&#8243; global_colors_info=&#8221;{}&#8221;]<\/p>\n<h2><strong>Produktparameter<\/strong><\/h2>\n<p>[\/et_pb_text][et_pb_text disabled_on=&#8221;on|on|on&#8221; _builder_version=&#8221;4.27.4&#8243; _module_preset=&#8221;default&#8221; border_width_all=&#8221;1px&#8221; border_color_all=&#8221;#0080c6&#8243; disabled=&#8221;on&#8221; global_colors_info=&#8221;{}&#8221;]<\/p>\n<div style=\"overflow-x: auto;\">\n<table border=\"0\" cellspacing=\"0\" cellpadding=\"0\">\n<tbody>\n<tr>\n<td valign=\"top\" width=\"337\"><strong>Produktmodell<\/strong><\/td>\n<td valign=\"top\" width=\"79\"><strong>BAMS<\/strong><\/td>\n<td valign=\"top\" width=\"85\"><strong>BCMU<\/strong><\/td>\n<td valign=\"top\" width=\"102\"><strong>BMU-16S<\/strong><\/td>\n<td valign=\"top\" width=\"105\"><strong>BMU-54S<\/strong><\/td>\n<\/tr>\n<tr>\n<td valign=\"top\" bgcolor=\"#167FC2\" width=\"337\"><span style=\"color: #ffffff;\"><strong>Stromversorgung<\/strong><\/span><\/td>\n<td valign=\"top\" bgcolor=\"#167FC2\" width=\"79\">\u00a0<\/td>\n<td valign=\"top\" bgcolor=\"#167FC2\" width=\"85\">\u00a0<\/td>\n<td valign=\"top\" bgcolor=\"#167FC2\" width=\"102\">\u00a0<\/td>\n<td valign=\"top\" bgcolor=\"#167FC2\" width=\"105\">\u00a0<\/td>\n<\/tr>\n<tr>\n<td valign=\"top\" width=\"337\">Nennspannung<\/td>\n<td valign=\"top\" width=\"79\">24V<\/td>\n<td valign=\"top\" width=\"85\">24V<\/td>\n<td valign=\"top\" width=\"102\">24V<\/td>\n<td valign=\"top\" width=\"105\">24V<\/td>\n<\/tr>\n<tr>\n<td valign=\"top\" width=\"337\">Spannungsbereich der Stromquelle<\/td>\n<td valign=\"top\" width=\"79\">DC9V-32V<\/td>\n<td valign=\"top\" width=\"85\">DC9V-32V<\/td>\n<td valign=\"top\" width=\"102\">DC9V-32V<\/td>\n<td valign=\"top\" width=\"105\">DC9V-32V<\/td>\n<\/tr>\n<tr>\n<td valign=\"top\" width=\"337\">Nennleistungsverbrauch<\/td>\n<td valign=\"top\" width=\"79\">10W<\/td>\n<td valign=\"top\" width=\"85\">SW<\/td>\n<td valign=\"top\" width=\"102\">2W<\/td>\n<td valign=\"top\" width=\"105\">2W<\/td>\n<\/tr>\n<tr>\n<td valign=\"top\" bgcolor=\"#167FC2\" width=\"337\"><span style=\"color: #ffffff;\"><strong>Analoge Datenerfassung<\/strong><\/span><\/td>\n<td valign=\"top\" bgcolor=\"#167FC2\" width=\"79\">\u00a0<\/td>\n<td valign=\"top\" bgcolor=\"#167FC2\" width=\"85\">\u00a0<\/td>\n<td valign=\"top\" bgcolor=\"#167FC2\" width=\"102\">\u00a0<\/td>\n<td valign=\"top\" bgcolor=\"#167FC2\" width=\"105\">\u00a0<\/td>\n<\/tr>\n<tr>\n<td valign=\"top\" width=\"337\">Spannungsgenauigkeit<\/td>\n<td valign=\"top\" width=\"79\">\u00a0<\/td>\n<td valign=\"top\" width=\"85\">\u00b11%FS<\/td>\n<td valign=\"top\" width=\"102\">\u00b13mV<\/td>\n<td valign=\"top\" width=\"105\">\u00b13mV<\/td>\n<\/tr>\n<tr>\n<td valign=\"top\" width=\"337\">Stromgenauigkeit<\/td>\n<td valign=\"top\" width=\"79\">\u00a0<\/td>\n<td valign=\"top\" width=\"85\">\u00b10,2%<\/td>\n<td valign=\"top\" width=\"102\">\u00a0<\/td>\n<td valign=\"top\" width=\"105\">\u00a0<\/td>\n<\/tr>\n<tr>\n<td valign=\"top\" width=\"337\">Temperaturgenauigkeit<\/td>\n<td valign=\"top\" width=\"79\">\u00a0<\/td>\n<td valign=\"top\" width=\"85\">\u00b11\u00b0C<\/td>\n<td valign=\"top\" width=\"102\">\u00b11\u00b0C<\/td>\n<td valign=\"top\" width=\"105\">\u00b11\u00b0C<\/td>\n<\/tr>\n<tr>\n<td valign=\"top\" width=\"337\">Anzahl und Bereich der Spannungs-Erfassungskan\u00e4le<\/td>\n<td valign=\"top\" width=\"79\">\u00a0<\/td>\n<td valign=\"top\" width=\"85\">2<\/td>\n<td valign=\"top\" width=\"102\">2<\/td>\n<td valign=\"top\" width=\"105\">2<\/td>\n<\/tr>\n<tr>\n<td valign=\"top\" width=\"337\">Anzahl und Bereich der Strom-Erfassungskan\u00e4le<\/td>\n<td valign=\"top\" width=\"79\">\u00a0<\/td>\n<td valign=\"top\" width=\"85\">1<\/td>\n<td valign=\"top\" width=\"102\">\u00a0<\/td>\n<td valign=\"top\" width=\"105\">\u00a0<\/td>\n<\/tr>\n<tr>\n<td valign=\"top\" width=\"337\">Anzahl und Bereich der Temperatur-Erfassungskan\u00e4le<\/td>\n<td valign=\"top\" width=\"79\">\u00a0<\/td>\n<td valign=\"top\" width=\"85\">4<\/td>\n<td valign=\"top\" width=\"102\">16<\/td>\n<td valign=\"top\" width=\"105\">54<\/td>\n<\/tr>\n<tr>\n<td valign=\"top\" bgcolor=\"#167FC2\" width=\"337\"><span style=\"color: #ffffff;\"><strong>Digitale Ein-\/Ausg\u00e4nge<\/strong><\/span><\/td>\n<td valign=\"top\" bgcolor=\"#167FC2\" width=\"79\">\u00a0<\/td>\n<td valign=\"top\" bgcolor=\"#167FC2\" width=\"85\">\u00a0<\/td>\n<td valign=\"top\" bgcolor=\"#167FC2\" width=\"102\">\u00a0<\/td>\n<td valign=\"top\" bgcolor=\"#167FC2\" width=\"105\">\u00a0<\/td>\n<\/tr>\n<tr>\n<td valign=\"top\" width=\"337\">Digitale Eing\u00e4nge<\/td>\n<td valign=\"top\" width=\"79\">4<\/td>\n<td valign=\"top\" width=\"85\">8<\/td>\n<td valign=\"top\" width=\"102\">1<\/td>\n<td valign=\"top\" width=\"105\">1<\/td>\n<\/tr>\n<tr>\n<td valign=\"top\" width=\"337\">Digitale Ausg\u00e4nge<\/td>\n<td valign=\"top\" width=\"79\">6<\/td>\n<td valign=\"top\" width=\"85\">8<\/td>\n<td valign=\"top\" width=\"102\">1<\/td>\n<td valign=\"top\" width=\"105\">1<\/td>\n<\/tr>\n<tr>\n<td valign=\"top\" bgcolor=\"#167FC2\" width=\"337\"><span style=\"color: #ffffff;\"><strong>Kommunikationsprotokoll<\/strong><\/span><\/td>\n<td valign=\"top\" bgcolor=\"#167FC2\" width=\"79\">\u00a0<\/td>\n<td valign=\"top\" bgcolor=\"#167FC2\" width=\"85\">\u00a0<\/td>\n<td valign=\"top\" bgcolor=\"#167FC2\" width=\"102\">\u00a0<\/td>\n<td valign=\"top\" bgcolor=\"#167FC2\" width=\"105\">\u00a0<\/td>\n<\/tr>\n<tr>\n<td valign=\"top\" width=\"337\">CAN<\/td>\n<td valign=\"top\" width=\"79\">2<\/td>\n<td valign=\"top\" width=\"85\">3<\/td>\n<td valign=\"top\" width=\"102\">1<\/td>\n<td valign=\"top\" width=\"105\">1<\/td>\n<\/tr>\n<tr>\n<td valign=\"top\" width=\"337\">Ethernet<\/td>\n<td valign=\"top\" width=\"79\">3<\/td>\n<td valign=\"top\" width=\"85\">\u00a0<\/td>\n<td valign=\"top\" width=\"102\">\u00a0<\/td>\n<td valign=\"top\" width=\"105\">\u00a0<\/td>\n<\/tr>\n<tr>\n<td valign=\"top\" width=\"337\">RS485<\/td>\n<td valign=\"top\" width=\"79\">3<\/td>\n<td valign=\"top\" width=\"85\">1<\/td>\n<td valign=\"top\" width=\"102\">\u00a0<\/td>\n<td valign=\"top\" width=\"105\">\u00a0<\/td>\n<\/tr>\n<tr>\n<td valign=\"top\" bgcolor=\"#167FC2\" width=\"337\"><span style=\"color: #ffffff;\"><strong>Sonstiges<\/strong><\/span><\/td>\n<td valign=\"top\" bgcolor=\"#167FC2\" width=\"79\">\u00a0<\/td>\n<td valign=\"top\" bgcolor=\"#167FC2\" width=\"85\">\u00a0<\/td>\n<td valign=\"top\" bgcolor=\"#167FC2\" width=\"102\">\u00a0<\/td>\n<td valign=\"top\" bgcolor=\"#167FC2\" width=\"105\">\u00a0<\/td>\n<\/tr>\n<tr>\n<td valign=\"top\" width=\"337\">Isolationswiderstand-Erfassungsbereich<\/td>\n<td valign=\"top\" width=\"79\">\u00a0<\/td>\n<td valign=\"top\" width=\"85\">0-10 M\u03a9<\/td>\n<td valign=\"top\" width=\"102\">\u00a0<\/td>\n<td valign=\"top\" width=\"105\">\u00a0<\/td>\n<\/tr>\n<tr>\n<td valign=\"top\" width=\"337\">Genauigkeit des Isolationswiderstands<\/td>\n<td valign=\"top\" width=\"79\">\u00a0<\/td>\n<td valign=\"top\" width=\"85\">15%<\/td>\n<td valign=\"top\" width=\"102\">\u00a0<\/td>\n<td valign=\"top\" width=\"105\">\u00a0<\/td>\n<\/tr>\n<tr>\n<td valign=\"top\" width=\"337\">Digitale Eing\u00e4nge<\/td>\n<td valign=\"top\" width=\"79\">4<\/td>\n<td valign=\"top\" width=\"85\">8<\/td>\n<td valign=\"top\" width=\"102\">\u00a0<\/td>\n<td valign=\"top\" width=\"105\">\u00a0<\/td>\n<\/tr>\n<\/tbody>\n<\/table>\n<\/div>\n<p>[\/et_pb_text][\/et_pb_column][\/et_pb_row][\/et_pb_section][et_pb_section fb_built=&#8221;1&#8243; fullwidth=&#8221;on&#8221; _builder_version=&#8221;4.27.4&#8243; _module_preset=&#8221;default&#8221; global_colors_info=&#8221;{}&#8221;][et_pb_fullwidth_code _builder_version=&#8221;4.27.4&#8243; _module_preset=&#8221;default&#8221; custom_padding=&#8221;||50px||false|false&#8221; global_colors_info=&#8221;{}&#8221;][et_pb_section global_module=\"3049\"][\/et_pb_section][\/et_pb_fullwidth_code][\/et_pb_section][et_pb_section fb_built=&#8221;1&#8243; _builder_version=&#8221;4.27.4&#8243; _module_preset=&#8221;default&#8221; global_colors_info=&#8221;{}&#8221;][et_pb_row _builder_version=&#8221;4.27.4&#8243; _module_preset=&#8221;default&#8221; global_colors_info=&#8221;{}&#8221;][et_pb_column type=&#8221;4_4&#8243; _builder_version=&#8221;4.27.4&#8243; _module_preset=&#8221;default&#8221; global_colors_info=&#8221;{}&#8221;][et_pb_text admin_label=&#8221;2026 CTA German&#8221; _builder_version=&#8221;4.27.4&#8243; _module_preset=&#8221;default&#8221; global_colors_info=&#8221;{}&#8221;]<\/p>\n<p style=\"text-align: center;\"><img loading=\"lazy\" decoding=\"async\" class=\"wp-image-3705 aligncenter size-full\" src=\"https:\/\/brunstock.com\/german\/wp-content\/uploads\/2025\/12\/Brunstock200.png\" alt=\"Brunstock logo\" width=\"200\" height=\"33\" \/><\/p>\n<p style=\"text-align: center;\"><img loading=\"lazy\" decoding=\"async\" class=\"aligncenter wp-image-3706\" src=\"https:\/\/brunstock.com\/german\/wp-content\/uploads\/2025\/12\/contact-us-Brunstock-blue-246x300.png\" alt=\"Kontakt\u2011Icon \u2013 Mobiltelefon und Sprechblase\" width=\"70\" height=\"85\" srcset=\"https:\/\/brunstock.com\/german\/wp-content\/uploads\/2025\/12\/contact-us-Brunstock-blue-246x300.png 246w, https:\/\/brunstock.com\/german\/wp-content\/uploads\/2025\/12\/contact-us-Brunstock-blue.png 278w\" sizes=\"(max-width: 70px) 100vw, 70px\" \/><\/p>\n<p style=\"text-align: center;\"><a href=\"https:\/\/brunstock.com\/german\/contact-us\/\">Kontaktieren Sie noch heute Ihren lokalen Brunstock\u2011Vertreter!<\/a><\/p>\n<p>[\/et_pb_text][\/et_pb_column][\/et_pb_row][\/et_pb_section]<\/p>\n","protected":false},"excerpt":{"rendered":"<p>Das Batteriemanagementsystem von Brunstock verf\u00fcgt \u00fcber eine dreistufige Architektur (BAMS, BCMU und BMU). Dies bietet dem Batteriesystem Flexibilit\u00e4t, Isolation, bessere St\u00f6rungsresistenz und mehr als ein Kommunikationsprotokoll. Die Equalisierungstechnologie auf Chip-Ebene sorgt f\u00fcr l\u00e4ngere Batterielebensdauer, Sicherheit und Arbeitseffizienz. Der leistungsstarke 32\u2011Bit\u2011MCP (Main Control Processor) nutzt Echtzeitinformationen, um mehrdimensionale Diagnosen bereitzustellen. Er bietet eine mehrstufige BMS\u2011Sicherheitstechnologie, die [&hellip;]<\/p>\n","protected":false},"author":3,"featured_media":0,"parent":0,"menu_order":0,"comment_status":"closed","ping_status":"closed","template":"","meta":{"_et_pb_use_builder":"on","_et_pb_old_content":"","_et_gb_content_width":"","footnotes":""},"class_list":["post-1995","page","type-page","status-publish","hentry"],"_links":{"self":[{"href":"https:\/\/brunstock.com\/german\/wp-json\/wp\/v2\/pages\/1995","targetHints":{"allow":["GET"]}}],"collection":[{"href":"https:\/\/brunstock.com\/german\/wp-json\/wp\/v2\/pages"}],"about":[{"href":"https:\/\/brunstock.com\/german\/wp-json\/wp\/v2\/types\/page"}],"author":[{"embeddable":true,"href":"https:\/\/brunstock.com\/german\/wp-json\/wp\/v2\/users\/3"}],"replies":[{"embeddable":true,"href":"https:\/\/brunstock.com\/german\/wp-json\/wp\/v2\/comments?post=1995"}],"version-history":[{"count":23,"href":"https:\/\/brunstock.com\/german\/wp-json\/wp\/v2\/pages\/1995\/revisions"}],"predecessor-version":[{"id":4180,"href":"https:\/\/brunstock.com\/german\/wp-json\/wp\/v2\/pages\/1995\/revisions\/4180"}],"wp:attachment":[{"href":"https:\/\/brunstock.com\/german\/wp-json\/wp\/v2\/media?parent=1995"}],"curies":[{"name":"wp","href":"https:\/\/api.w.org\/{rel}","templated":true}]}}