{"id":2130,"date":"2025-02-06T07:17:13","date_gmt":"2025-02-06T07:17:13","guid":{"rendered":"https:\/\/brunstock.com\/?page_id=2130"},"modified":"2026-04-13T04:48:21","modified_gmt":"2026-04-13T04:48:21","slug":"handling-your-bess","status":"publish","type":"page","link":"https:\/\/brunstock.com\/german\/handling-your-bess\/","title":{"rendered":"Umgang mit Ihrem BESS"},"content":{"rendered":"<p>[et_pb_section fb_built=&#8221;1&#8243; admin_label=&#8221;section&#8221; _builder_version=&#8221;4.16&#8243; global_colors_info=&#8221;{}&#8221;][et_pb_row _builder_version=&#8221;4.27.4&#8243; _module_preset=&#8221;default&#8221; width=&#8221;90%&#8221; max_width=&#8221;1200px&#8221; global_colors_info=&#8221;{}&#8221;][et_pb_column type=&#8221;4_4&#8243; _builder_version=&#8221;4.27.4&#8243; _module_preset=&#8221;default&#8221; global_colors_info=&#8221;{}&#8221;][et_pb_text ul_item_indent=&#8221;35px&#8221; _builder_version=&#8221;4.27.4&#8243; _module_preset=&#8221;default&#8221; ul_font=&#8221;&#8211;et_global_heading_font||||||||&#8221; ul_line_height=&#8221;1.8em&#8221; header_2_text_color=&#8221;#0080C6&#8243; global_colors_info=&#8221;{}&#8221;]<\/p>\n<h2><strong>Lagerung<\/strong><\/h2>\n<ul>\n<li>W\u00e4hrend der Lagerung muss das Ger\u00e4t an einem sauberen und trockenen Ort aufbewahrt werden, der weder Spritzwasser, Regen, Feuchtigkeit, hohen Temperaturen noch der Au\u00dfenumgebung ausgesetzt ist.<\/li>\n<li>Im Lagerraum d\u00fcrfen sich keine sch\u00e4dlichen Gase, brennbaren und explosiven Produkte oder \u00e4tzenden Chemikalien befinden.<\/li>\n<li>Bei l\u00e4ngerer Lagerung muss das Modul abgedeckt werden oder es m\u00fcssen entsprechende Ma\u00dfnahmen getroffen werden, um sicherzustellen, dass es nicht durch Verunreinigungen aus der Umgebung beeintr\u00e4chtigt wird.<\/li>\n<li>Mechanische St\u00f6\u00dfe, starker Druck sowie starke elektrische und magnetische Felder sind zu vermeiden.<\/li>\n<li>Direkte Sonneneinstrahlung vermeiden, einen Abstand von mindestens 2 m zu W\u00e4rmequellen einhalten und den Verpackungskarton mindestens 20 cm \u00fcber dem Boden und mindestens 50 cm von W\u00e4nden, Fenstern oder L\u00fcftungs\u00f6ffnungen entfernt aufstellen.<\/li>\n<li>Das BESS befindet sich im Lagerzustand, wenn es nicht geladen oder entladen wurde. mehr als 10 Tage. Es wird empfohlen, den Akku auf 30 % bis 50 % Ladezustand aufzuladen.<\/li>\n<\/ul>\n<p>[\/et_pb_text][\/et_pb_column][\/et_pb_row][et_pb_row _builder_version=&#8221;4.27.4&#8243; _module_preset=&#8221;default&#8221; width=&#8221;90%&#8221; max_width=&#8221;1200px&#8221; custom_padding=&#8221;0px||||false|false&#8221; global_colors_info=&#8221;{}&#8221;][et_pb_column type=&#8221;4_4&#8243; _builder_version=&#8221;4.27.4&#8243; _module_preset=&#8221;default&#8221; global_colors_info=&#8221;{}&#8221;][et_pb_image src=&#8221;https:\/\/brunstock.com\/wp-content\/uploads\/2025\/02\/365.webp&#8221; title_text=&#8221;365&#8243; _builder_version=&#8221;4.27.4&#8243; _module_preset=&#8221;default&#8221; global_colors_info=&#8221;{}&#8221;][\/et_pb_image][\/et_pb_column][\/et_pb_row][et_pb_row _builder_version=&#8221;4.27.4&#8243; _module_preset=&#8221;default&#8221; width=&#8221;90%&#8221; max_width=&#8221;1200px&#8221; custom_padding=&#8221;0px||||false|false&#8221; global_colors_info=&#8221;{}&#8221;][et_pb_column type=&#8221;4_4&#8243; _builder_version=&#8221;4.27.4&#8243; _module_preset=&#8221;default&#8221; global_colors_info=&#8221;{}&#8221;][et_pb_text ul_item_indent=&#8221;35px&#8221; _builder_version=&#8221;4.27.4&#8243; _module_preset=&#8221;default&#8221; ul_font=&#8221;&#8211;et_global_heading_font||||||||&#8221; ul_line_height=&#8221;1.8em&#8221; header_2_text_color=&#8221;#0C71C3&#8243; global_colors_info=&#8221;{}&#8221;]<\/p>\n<h2><strong>Heben<\/strong><\/h2>\n<ul>\n<li>Beim Heben muss der Batteriecontainer mit einem Einzelkran an die vorgesehene Position gehoben werden.<\/li>\n<li>Der Kran muss die Hebetraverse f\u00fcr den 20-Fu\u00df-Container verwenden und diese \u00fcber den Verriegelungsbolzenmechanismus mit dem Eckst\u00fcck des Kabinenk\u00f6rpers verbinden.<\/li>\n<li>Vor dem Heben ist ein Probehub durchzuf\u00fchren. Die Hakenposition muss so eingestellt werden, dass ein gleichm\u00e4\u00dfiges vertikales Anheben der vier Ecken des Containerheberahmens gew\u00e4hrleistet ist.<\/li>\n<\/ul>\n<p>[\/et_pb_text][et_pb_text ul_item_indent=&#8221;35px&#8221; _builder_version=&#8221;4.27.4&#8243; _module_preset=&#8221;default&#8221; ul_font=&#8221;&#8211;et_global_heading_font||||||||&#8221; header_2_text_color=&#8221;#0C71C3&#8243; header_4_text_color=&#8221;#00AE4D&#8221; global_colors_info=&#8221;{}&#8221;]<\/p>\n<h2><strong>Installation<\/strong><\/h2>\n<h4><strong>Fundamentanforderungen<\/strong><\/h4>\n<p>Ihr Brunstock BESS muss auf Beton oder einer anderen nicht brennbaren Oberfl\u00e4che installiert werden. Die Installationsfl\u00e4che muss eben, fest, flach und ausreichend tragf\u00e4hig sein. Dellen oder Neigungen sind nicht zul\u00e4ssig.<br \/>\nBer\u00fccksichtigen Sie beim Bau des Fundaments den Auslass des BESS sowie die Reservegr\u00e4ben, Ein- und Auslauf\u00f6ffnungen und Wartungskan\u00e4le. Die Positionen der Befestigungsl\u00f6cher finden Sie in der folgenden Abbildung.<strong><br \/>\n<\/strong>[\/et_pb_text][\/et_pb_column][\/et_pb_row][et_pb_row _builder_version=&#8221;4.27.4&#8243; _module_preset=&#8221;default&#8221; width=&#8221;90%&#8221; max_width=&#8221;1200px&#8221; custom_padding=&#8221;0px||||false|false&#8221; global_colors_info=&#8221;{}&#8221;][et_pb_column type=&#8221;4_4&#8243; _builder_version=&#8221;4.27.4&#8243; _module_preset=&#8221;default&#8221; global_colors_info=&#8221;{}&#8221;][et_pb_image src=&#8221;https:\/\/brunstock.com\/wp-content\/uploads\/2025\/02\/FoundationDiagramLores.webp&#8221; title_text=&#8221;FoundationDiagramLores&#8221; _builder_version=&#8221;4.27.4&#8243; _module_preset=&#8221;default&#8221; global_colors_info=&#8221;{}&#8221;][\/et_pb_image][\/et_pb_column][\/et_pb_row][et_pb_row _builder_version=&#8221;4.27.4&#8243; _module_preset=&#8221;default&#8221; width=&#8221;90%&#8221; max_width=&#8221;1200px&#8221; global_colors_info=&#8221;{}&#8221;][et_pb_column type=&#8221;4_4&#8243; _builder_version=&#8221;4.27.4&#8243; _module_preset=&#8221;default&#8221; global_colors_info=&#8221;{}&#8221;][et_pb_text ul_item_indent=&#8221;35px&#8221; _builder_version=&#8221;4.27.4&#8243; _module_preset=&#8221;default&#8221; ul_font=&#8221;&#8211;et_global_heading_font||||||||&#8221; ul_line_height=&#8221;1.8em&#8221; header_2_text_color=&#8221;#0C71C3&#8243; global_colors_info=&#8221;{}&#8221;]<\/p>\n<h2><strong>Anforderungen an den Graben<\/strong><\/h2>\n<p>Das BESS von Brunstock erfordert eine Kabeleinf\u00fchrung von unten. Um das Eindringen von Fremdk\u00f6rpern zu verhindern, befindet sich an der Seite des BESS keine Kabeleinf\u00fchrungs\u00f6ffnung. Das Kabel muss durch den Graben gef\u00fchrt werden. Daher m\u00fcssen die Gr\u00e4ben vor Ort vorbereitet werden. Die Gr\u00e4ben m\u00fcssen die folgenden Anforderungen erf\u00fcllen:<\/p>\n<ul>\n<li>Da das BESS eine Kabeleinf\u00fchrung von unten hat, muss der Graben staub- und nagetiersicher sein, um das Eindringen von Fremdk\u00f6rpern zu verhindern.<\/li>\n<li>Der Graben muss wasserdicht und feuchtigkeitsbest\u00e4ndig sein, um Kabelalterung und Kurzschl\u00fcsse zu vermeiden, die den normalen Betrieb des BESS beeintr\u00e4chtigen.<\/li>\n<li>Da das BESS eine hohe Leistung liefert und dicke Kabel ben\u00f6tigt, muss bei der Grabenplanung der Kabelquerschnitt vollst\u00e4ndig ber\u00fccksichtigt werden.<\/li>\n<\/ul>\n<p>Auf der R\u00fcckseite finden Sie ein Diagramm mit den Platzanforderungen f\u00fcr die Installation eines einzelnen Brunstock BESS-Containers.[\/et_pb_text][\/et_pb_column][\/et_pb_row][et_pb_row _builder_version=&#8221;4.27.4&#8243; _module_preset=&#8221;default&#8221; width=&#8221;90%&#8221; max_width=&#8221;1200px&#8221; global_colors_info=&#8221;{}&#8221;][et_pb_column type=&#8221;4_4&#8243; _builder_version=&#8221;4.27.4&#8243; _module_preset=&#8221;default&#8221; global_colors_info=&#8221;{}&#8221;][et_pb_text _builder_version=&#8221;4.27.4&#8243; _module_preset=&#8221;default&#8221; text_font=&#8221;|600|||||||&#8221; text_text_color=&#8221;#0C71C3&#8243; text_font_size=&#8221;20px&#8221; global_colors_info=&#8221;{}&#8221;]Platzbedarf pro Paar 5MWh Brunstock BESS-Container[\/et_pb_text][et_pb_image src=&#8221;https:\/\/brunstock.com\/german\/wp-content\/uploads\/2026\/04\/Space_req_view_from_above2000w.webp&#8221; title_text=&#8221;Space_req_view_from_above2000w&#8221; show_in_lightbox=&#8221;on&#8221; _builder_version=&#8221;4.27.6&#8243; _module_preset=&#8221;default&#8221; width=&#8221;50%&#8221; hover_enabled=&#8221;0&#8243; global_colors_info=&#8221;{}&#8221; sticky_enabled=&#8221;0&#8243;][\/et_pb_image][et_pb_text _builder_version=&#8221;4.27.4&#8243; _module_preset=&#8221;default&#8221; text_font=&#8221;|600|||||||&#8221; text_text_color=&#8221;#0C71C3&#8243; text_font_size=&#8221;20px&#8221; global_colors_info=&#8221;{}&#8221;]3D-Strichzeichnung eines einzelnen Brunstock BESS-Containers[\/et_pb_text][et_pb_image src=&#8221;https:\/\/brunstock.com\/wp-content\/uploads\/2025\/02\/58.webp&#8221; title_text=&#8221;58&#8243; _builder_version=&#8221;4.27.4&#8243; _module_preset=&#8221;default&#8221; width=&#8221;40%&#8221; width_tablet=&#8221;40%&#8221; width_phone=&#8221;100%&#8221; width_last_edited=&#8221;on|phone&#8221; locked=&#8221;off&#8221; global_colors_info=&#8221;{}&#8221;][\/et_pb_image][\/et_pb_column][\/et_pb_row][\/et_pb_section][et_pb_section fb_built=&#8221;1&#8243; fullwidth=&#8221;on&#8221; _builder_version=&#8221;4.27.4&#8243; _module_preset=&#8221;default&#8221; global_colors_info=&#8221;{}&#8221;][et_pb_fullwidth_code _builder_version=&#8221;4.27.4&#8243; _module_preset=&#8221;default&#8221; custom_padding=&#8221;||50px||false|false&#8221; global_colors_info=&#8221;{}&#8221;][et_pb_section global_module=\"3049\"][\/et_pb_section][\/et_pb_fullwidth_code][\/et_pb_section][et_pb_section fb_built=&#8221;1&#8243; _builder_version=&#8221;4.27.4&#8243; _module_preset=&#8221;default&#8221; global_colors_info=&#8221;{}&#8221;][et_pb_row _builder_version=&#8221;4.27.4&#8243; _module_preset=&#8221;default&#8221; global_colors_info=&#8221;{}&#8221;][et_pb_column type=&#8221;4_4&#8243; _builder_version=&#8221;4.27.4&#8243; _module_preset=&#8221;default&#8221; global_colors_info=&#8221;{}&#8221;][et_pb_text admin_label=&#8221;2026 CTA German&#8221; _builder_version=&#8221;4.27.4&#8243; _module_preset=&#8221;default&#8221; global_colors_info=&#8221;{}&#8221;]<\/p>\n<p style=\"text-align: center;\"><img loading=\"lazy\" decoding=\"async\" class=\"wp-image-3705 aligncenter size-full\" src=\"https:\/\/brunstock.com\/german\/wp-content\/uploads\/2025\/12\/Brunstock200.png\" alt=\"Brunstock logo\" width=\"200\" height=\"33\" \/><\/p>\n<p style=\"text-align: center;\"><img loading=\"lazy\" decoding=\"async\" class=\"aligncenter wp-image-3706\" src=\"https:\/\/brunstock.com\/german\/wp-content\/uploads\/2025\/12\/contact-us-Brunstock-blue-246x300.png\" alt=\"Kontakt\u2011Icon \u2013 Mobiltelefon und Sprechblase\" width=\"70\" height=\"85\" srcset=\"https:\/\/brunstock.com\/german\/wp-content\/uploads\/2025\/12\/contact-us-Brunstock-blue-246x300.png 246w, https:\/\/brunstock.com\/german\/wp-content\/uploads\/2025\/12\/contact-us-Brunstock-blue.png 278w\" sizes=\"(max-width: 70px) 100vw, 70px\" \/><\/p>\n<p style=\"text-align: center;\"><a href=\"https:\/\/brunstock.com\/german\/contact-us\/\">Kontaktieren Sie noch heute Ihren lokalen Brunstock\u2011Vertreter!<\/a><\/p>\n<p>[\/et_pb_text][\/et_pb_column][\/et_pb_row][\/et_pb_section]<\/p>\n","protected":false},"excerpt":{"rendered":"<p>Lagerung W\u00e4hrend der Lagerung muss das Ger\u00e4t an einem sauberen und trockenen Ort aufbewahrt werden, der weder Spritzwasser, Regen, Feuchtigkeit, hohen Temperaturen noch der Au\u00dfenumgebung ausgesetzt ist. Im Lagerraum d\u00fcrfen sich keine sch\u00e4dlichen Gase, brennbaren und explosiven Produkte oder \u00e4tzenden Chemikalien befinden. Bei l\u00e4ngerer Lagerung muss das Modul abgedeckt werden oder es m\u00fcssen entsprechende Ma\u00dfnahmen [&hellip;]<\/p>\n","protected":false},"author":3,"featured_media":0,"parent":0,"menu_order":0,"comment_status":"closed","ping_status":"closed","template":"","meta":{"_et_pb_use_builder":"on","_et_pb_old_content":"","_et_gb_content_width":"","footnotes":""},"class_list":["post-2130","page","type-page","status-publish","hentry"],"_links":{"self":[{"href":"https:\/\/brunstock.com\/german\/wp-json\/wp\/v2\/pages\/2130","targetHints":{"allow":["GET"]}}],"collection":[{"href":"https:\/\/brunstock.com\/german\/wp-json\/wp\/v2\/pages"}],"about":[{"href":"https:\/\/brunstock.com\/german\/wp-json\/wp\/v2\/types\/page"}],"author":[{"embeddable":true,"href":"https:\/\/brunstock.com\/german\/wp-json\/wp\/v2\/users\/3"}],"replies":[{"embeddable":true,"href":"https:\/\/brunstock.com\/german\/wp-json\/wp\/v2\/comments?post=2130"}],"version-history":[{"count":23,"href":"https:\/\/brunstock.com\/german\/wp-json\/wp\/v2\/pages\/2130\/revisions"}],"predecessor-version":[{"id":4205,"href":"https:\/\/brunstock.com\/german\/wp-json\/wp\/v2\/pages\/2130\/revisions\/4205"}],"wp:attachment":[{"href":"https:\/\/brunstock.com\/german\/wp-json\/wp\/v2\/media?parent=2130"}],"curies":[{"name":"wp","href":"https:\/\/api.w.org\/{rel}","templated":true}]}}