{"id":244,"date":"2024-05-11T05:24:47","date_gmt":"2024-05-11T05:24:47","guid":{"rendered":"https:\/\/brunstock.com\/?page_id=244"},"modified":"2026-02-04T06:19:33","modified_gmt":"2026-02-04T06:19:33","slug":"contact-us","status":"publish","type":"page","link":"https:\/\/brunstock.com\/german\/contact-us\/","title":{"rendered":"Kontaktieren Sie uns"},"content":{"rendered":"<p>[et_pb_section fb_built=&#8221;1&#8243; admin_label=&#8221;DLE Contact Form 21&#8243; _builder_version=&#8221;4.19.0&#8243; _module_preset=&#8221;default&#8221; background_color=&#8221;#f9f9f9&#8243; global_colors_info=&#8221;{}&#8221;][et_pb_row make_equal=&#8221;on&#8221; custom_padding_last_edited=&#8221;on|phone&#8221; _builder_version=&#8221;4.27.4&#8243; _module_preset=&#8221;default&#8221; custom_padding_tablet=&#8221;0px||0px||true|false&#8221; custom_padding_phone=&#8221;0px||0px||true|false&#8221; custom_css_main_element=&#8221;align-items: center;&#8221; global_colors_info=&#8221;{}&#8221;][et_pb_column type=&#8221;4_4&#8243; _builder_version=&#8221;4.27.4&#8243; _module_preset=&#8221;default&#8221; global_colors_info=&#8221;{}&#8221;][et_pb_text _builder_version=&#8221;4.27.4&#8243; _module_preset=&#8221;default&#8221; header_2_font=&#8221;Poppins|600|||||||&#8221; header_2_text_color=&#8221;#000000&#8243; header_2_font_size=&#8221;27px&#8221; custom_margin=&#8221;||15px||false|false&#8221; header_2_font_size_tablet=&#8221;36px&#8221; header_2_font_size_phone=&#8221;26px&#8221; header_2_font_size_last_edited=&#8221;on|desktop&#8221; global_colors_info=&#8221;{}&#8221;]<\/p>\n<h1>So erreichen Sie Brunstock<\/h1>\n<p>[\/et_pb_text][et_pb_blurb title=&#8221;Brunstock Germany&#8221; use_icon=&#8221;on&#8221; font_icon=&#8221;&#xf2c1;||fa||900&#8243; icon_color=&#8221;#00AE4D&#8221; icon_placement=&#8221;left&#8221; content_max_width=&#8221;100%&#8221; _builder_version=&#8221;4.27.4&#8243; _module_preset=&#8221;default&#8221; header_font=&#8221;Poppins|500|||||||&#8221; header_font_size=&#8221;22px&#8221; header_line_height=&#8221;1.2em&#8221; body_font=&#8221;TWKLausanne 300||||||||&#8221; body_font_size=&#8221;16px&#8221; body_link_text_color=&#8221;#000000&#8243; global_colors_info=&#8221;{}&#8221;]<\/p>\n<p><strong>Unsere Adresse: <\/strong>N\u00f6rdliche M\u00fcnchner Stra\u00dfe 27A, 82031 Gr\u00fcnwald, Germany<br \/><strong>E-Mail:<\/strong> <a href=\"mailto:webmaster@brunstock.com\">webmaster@brunstock.com<\/a><\/p>\n<p>[\/et_pb_blurb][et_pb_blurb title=&#8221;Unser Hauptsitz&#8221; use_icon=&#8221;on&#8221; font_icon=&#8221;&#xf2c1;||fa||900&#8243; icon_color=&#8221;#00AE4D&#8221; icon_placement=&#8221;left&#8221; content_max_width=&#8221;100%&#8221; _builder_version=&#8221;4.27.4&#8243; _module_preset=&#8221;default&#8221; header_font=&#8221;Poppins|500|||||||&#8221; header_font_size=&#8221;22px&#8221; header_line_height=&#8221;1.2em&#8221; body_font=&#8221;TWKLausanne 300||||||||&#8221; body_font_size=&#8221;16px&#8221; body_link_text_color=&#8221;#000000&#8243; hover_enabled=&#8221;0&#8243; global_colors_info=&#8221;{}&#8221; admin_label=&#8221;Our address and email&#8221; sticky_enabled=&#8221;0&#8243;]<\/p>\n<p><strong>Unsere Adresse: <\/strong>Brunstock AG, \u00dcberlandstrasse 107, 8600 D\u00fcbendorf, Schweiz<br \/><strong>E-Mail:<\/strong> <a href=\"mailto:webmaster@brunstock.com\">webmaster@brunstock.com<\/a><\/p>\n<p>[\/et_pb_blurb][et_pb_text _builder_version=&#8221;4.27.4&#8243; _module_preset=&#8221;default&#8221; header_2_font=&#8221;Poppins|600|||||||&#8221; header_2_text_color=&#8221;#000000&#8243; header_2_font_size=&#8221;27px&#8221; custom_margin=&#8221;||15px||false|false&#8221; hover_enabled=&#8221;0&#8243; header_2_font_size_tablet=&#8221;36px&#8221; header_2_font_size_phone=&#8221;26px&#8221; header_2_font_size_last_edited=&#8221;on|desktop&#8221; global_colors_info=&#8221;{}&#8221; sticky_enabled=&#8221;0&#8243;]<\/p>\n<h1>Finden Sie einen Vertreter in Ihrer N\u00e4he<\/h1>\n<p>[\/et_pb_text][et_pb_blurb use_icon=&#8221;on&#8221; font_icon=&#8221;&#xf406;||fa||900&#8243; icon_color=&#8221;#00AE4D&#8221; icon_placement=&#8221;left&#8221; content_max_width=&#8221;100%&#8221; _builder_version=&#8221;4.27.4&#8243; _module_preset=&#8221;default&#8221; header_font=&#8221;Poppins|500|||||||&#8221; header_font_size=&#8221;22px&#8221; header_line_height=&#8221;1.2em&#8221; body_font=&#8221;TWKLausanne 300||||||||&#8221; body_font_size=&#8221;16px&#8221; body_link_text_color=&#8221;#000000&#8243; hover_enabled=&#8221;0&#8243; global_colors_info=&#8221;{}&#8221; sticky_enabled=&#8221;0&#8243;]Bitte wenden Sie sich an den Brunstock-Vertreter in Ihrer Region. Diese sind:[\/et_pb_blurb][\/et_pb_column][\/et_pb_row][et_pb_row column_structure=&#8221;1_2,1_2&#8243; _builder_version=&#8221;4.27.4&#8243; _module_preset=&#8221;default&#8221; global_colors_info=&#8221;{}&#8221;][et_pb_column type=&#8221;1_2&#8243; _builder_version=&#8221;4.27.4&#8243; _module_preset=&#8221;default&#8221; global_colors_info=&#8221;{}&#8221;][et_pb_blurb title=&#8221;Umspannwerk-Portfolio&#8221; use_icon=&#8221;on&#8221; font_icon=&#8221;&#x3d;||divi||400&#8243; icon_color=&#8221;#00AE4D&#8221; icon_placement=&#8221;left&#8221; image_icon_width=&#8221;26px&#8221; content_max_width=&#8221;100%&#8221; _builder_version=&#8221;4.27.4&#8243; _module_preset=&#8221;default&#8221; header_level=&#8221;h2&#8243; header_font=&#8221;Poppins|600|||||||&#8221; header_font_size=&#8221;24px&#8221; header_line_height=&#8221;1.2em&#8221; body_font=&#8221;||||||||&#8221; body_font_size=&#8221;16px&#8221; body_link_text_color=&#8221;#000000&#8243; hover_enabled=&#8221;0&#8243; global_colors_info=&#8221;{}&#8221; admin_label=&#8221;Subsidiaries and distributors &#8211; Substation Portfolio&#8221; sticky_enabled=&#8221;0&#8243;]<\/p>\n<p><strong>Asien-Pazifik:<\/strong> <a href=\"https:\/\/tgood.com\/au\/\">TGOOD Australien<\/a> oder <a href=\"https:\/\/tgood.com\/sa\/\">TGOOD S\u00fcdostasien<\/a><\/p>\n<p><strong>Schweiz:<\/strong> <a href=\"https:\/\/nrg-solutions.ch\">NRG Solutions AG<\/a><\/p>\n<p><strong>Afrika:<\/strong> <a href=\"https:\/\/tgood.com\/af\/\">TGOOD Afrika<\/a><\/p>\n<p><strong>Naher Osten:<\/strong> <a href=\"https:\/\/tgood.com\/mena\/\">TGOOD Naher Osten<\/a><\/p>\n<p>[\/et_pb_blurb][\/et_pb_column][et_pb_column type=&#8221;1_2&#8243; _builder_version=&#8221;4.27.4&#8243; _module_preset=&#8221;default&#8221; global_colors_info=&#8221;{}&#8221;][et_pb_blurb title=&#8221;BESS-Portfolio&#8221; use_icon=&#8221;on&#8221; font_icon=&#8221;&#x3d;||divi||400&#8243; icon_color=&#8221;#00AE4D&#8221; icon_placement=&#8221;left&#8221; image_icon_width=&#8221;26px&#8221; content_max_width=&#8221;100%&#8221; _builder_version=&#8221;4.27.4&#8243; _module_preset=&#8221;default&#8221; header_level=&#8221;h2&#8243; header_font=&#8221;Poppins|600|||||||&#8221; header_font_size=&#8221;24px&#8221; header_line_height=&#8221;1.2em&#8221; body_font=&#8221;||||||||&#8221; body_font_size=&#8221;16px&#8221; body_link_text_color=&#8221;#000000&#8243; hover_enabled=&#8221;0&#8243; global_colors_info=&#8221;{}&#8221; admin_label=&#8221;Subsidiaries and distributors &#8211; BESS Portfolio&#8221; sticky_enabled=&#8221;0&#8243;]<\/p>\n<p><strong>Australien:<\/strong> <a href=\"https:\/\/kteck.com.au\" target=\"_blank\" rel=\"noopener\">Kookaburra Power Technologies<\/a><\/p>\n<p><strong>Schweiz:<\/strong> <a href=\"https:\/\/nrg-solutions.ch\/\" target=\"_blank\" rel=\"noopener\">NRG Solutions AG<\/a><\/p>\n<p>&nbsp;<\/p>\n<p>[\/et_pb_blurb][\/et_pb_column][\/et_pb_row][et_pb_row make_equal=&#8221;on&#8221; custom_padding_last_edited=&#8221;on|phone&#8221; _builder_version=&#8221;4.27.4&#8243; _module_preset=&#8221;default&#8221; custom_padding_tablet=&#8221;0px||0px||true|false&#8221; custom_padding_phone=&#8221;0px||0px||true|false&#8221; custom_css_main_element=&#8221;align-items: center;&#8221; locked=&#8221;off&#8221; global_colors_info=&#8221;{}&#8221;][et_pb_column type=&#8221;4_4&#8243; _builder_version=&#8221;4.16&#8243; _module_preset=&#8221;default&#8221; background_color=&#8221;#FFFFFF&#8221; custom_padding=&#8221;60px|60px|60px|60px|true|true&#8221; custom_padding_tablet=&#8221;40px|40px|40px|40px|true|true&#8221; custom_padding_phone=&#8221;30px|30px|30px|30px|true|true&#8221; custom_padding_last_edited=&#8221;on|phone&#8221; border_width_all=&#8221;1px&#8221; border_color_all=&#8221;#eeeeee&#8221; global_colors_info=&#8221;{}&#8221;][et_pb_text _builder_version=&#8221;4.27.4&#8243; _module_preset=&#8221;default&#8221; text_font_size=&#8221;15px&#8221; custom_margin=&#8221;-20px||||false|false&#8221; custom_padding=&#8221;||||false|false&#8221; text_font_size_tablet=&#8221;11px&#8221; text_font_size_phone=&#8221;7px&#8221; text_font_size_last_edited=&#8221;on|phone&#8221; global_colors_info=&#8221;{}&#8221;]<\/p>\n<p><a href=\"mailto:webmaster@brunstock.com\">Wenn Sie Brunstock direkt kontaktieren<\/a>, bedeutet dies, dass Sie unsere <a href=\"https:\/\/brunstock.com\/german\/privacy-policy\">Datenschutzrichtlinie<\/a> gelesen und akzeptiert haben und damit einverstanden sind, dass Ihre Daten an Dritte, beispielsweise einen Brunstock-Partner in Ihrer Region, weitergegeben werden.<\/p>\n<p>[\/et_pb_text][\/et_pb_column][\/et_pb_row][\/et_pb_section]<\/p>\n","protected":false},"excerpt":{"rendered":"<p>So erreichen Sie BrunstockUnsere Adresse: N\u00f6rdliche M\u00fcnchner Stra\u00dfe 27A, 82031 Gr\u00fcnwald, GermanyE-Mail: webmaster@brunstock.comUnsere Adresse: Brunstock AG, \u00dcberlandstrasse 107, 8600 D\u00fcbendorf, SchweizE-Mail: webmaster@brunstock.comFinden Sie einen Vertreter in Ihrer N\u00e4heBitte wenden Sie sich an den Brunstock-Vertreter in Ihrer Region. Diese sind:Asien-Pazifik: TGOOD Australien oder TGOOD S\u00fcdostasien Schweiz: NRG Solutions AG Afrika: TGOOD Afrika Naher Osten: TGOOD Naher [&hellip;]<\/p>\n","protected":false},"author":3,"featured_media":0,"parent":0,"menu_order":0,"comment_status":"closed","ping_status":"closed","template":"","meta":{"_et_pb_use_builder":"on","_et_pb_old_content":"","_et_gb_content_width":"","footnotes":""},"class_list":["post-244","page","type-page","status-publish","hentry"],"_links":{"self":[{"href":"https:\/\/brunstock.com\/german\/wp-json\/wp\/v2\/pages\/244","targetHints":{"allow":["GET"]}}],"collection":[{"href":"https:\/\/brunstock.com\/german\/wp-json\/wp\/v2\/pages"}],"about":[{"href":"https:\/\/brunstock.com\/german\/wp-json\/wp\/v2\/types\/page"}],"author":[{"embeddable":true,"href":"https:\/\/brunstock.com\/german\/wp-json\/wp\/v2\/users\/3"}],"replies":[{"embeddable":true,"href":"https:\/\/brunstock.com\/german\/wp-json\/wp\/v2\/comments?post=244"}],"version-history":[{"count":39,"href":"https:\/\/brunstock.com\/german\/wp-json\/wp\/v2\/pages\/244\/revisions"}],"predecessor-version":[{"id":3943,"href":"https:\/\/brunstock.com\/german\/wp-json\/wp\/v2\/pages\/244\/revisions\/3943"}],"wp:attachment":[{"href":"https:\/\/brunstock.com\/german\/wp-json\/wp\/v2\/media?parent=244"}],"curies":[{"name":"wp","href":"https:\/\/api.w.org\/{rel}","templated":true}]}}