{"id":583,"date":"2024-06-04T08:09:06","date_gmt":"2024-06-04T08:09:06","guid":{"rendered":"https:\/\/brunstock.com\/?page_id=583"},"modified":"2025-12-08T05:00:35","modified_gmt":"2025-12-08T05:00:35","slug":"collector-substations","status":"publish","type":"page","link":"https:\/\/brunstock.com\/german\/collector-substations\/","title":{"rendered":"Umspannwerksgeh\u00e4use"},"content":{"rendered":"<p>[et_pb_section fb_built=&#8221;1&#8243; admin_label=&#8221;section&#8221; _builder_version=&#8221;4.16&#8243; global_colors_info=&#8221;{}&#8221;][et_pb_row use_custom_gutter=&#8221;on&#8221; gutter_width=&#8221;2&#8243; _builder_version=&#8221;4.25.0&#8243; _module_preset=&#8221;default&#8221; width=&#8221;90%&#8221; max_width=&#8221;1200px&#8221; custom_padding=&#8221;3px||0px|||&#8221; global_colors_info=&#8221;{}&#8221;][et_pb_column type=&#8221;4_4&#8243; _builder_version=&#8221;4.25.0&#8243; _module_preset=&#8221;default&#8221; global_colors_info=&#8221;{}&#8221;][et_pb_text ul_item_indent=&#8221;35px&#8221; _builder_version=&#8221;4.27.4&#8243; _module_preset=&#8221;default&#8221; text_font=&#8221;TWKLausanne 300||||||||&#8221; text_text_color=&#8221;#000000&#8243; ul_line_height=&#8221;1.8em&#8221; custom_margin=&#8221;||12px|||&#8221; global_colors_info=&#8221;{}&#8221;]<\/p>\n<h1>Ehouse- und Kiosk-Umspannwerke<\/h1>\n<p>Brunstock bietet modulare Umspannwerke an, die nicht gr\u00f6\u00dfer als ein Standard-Versandcontainer sind. Ob Sie eine Sekund\u00e4rsammelstation (<a href=\"https:\/\/brunstock.com\/german\/medium-voltage-switchgear-kiosks\/\">Mittelspannungs-Schaltanlagenkiosk<\/a>) oder ein Prim\u00e4rschaltanlagengeh\u00e4use (Ehouse) ben\u00f6tigen \u2013 Brunstock fertigt die passende Struktur f\u00fcr Ihr Umspannwerk.<\/p>\n<p>Unsere vollintegrierten Umspannwerke sind schnell gefertigt. Viele der Umspannwerksl\u00f6sungen von Brunstock sind bereits nach sechs Wochen werksfertig. Die Exzellenz spiegelt sich im Design jeder einzelnen Komponente unserer Schaltanlagen und Ehouses wider \u2013 von der Verarbeitung und Zuverl\u00e4ssigkeit der SF6-freien Schaltanlagen, Leistungsschalter und Transformatoren bis hin zur Struktur selbst.<\/p>\n<p>Unsere E-Houses und <a href=\"https:\/\/brunstock.com\/german\/medium-voltage-switchgear-kiosks\/\">Kioske<\/a> sind kompakte Umspannwerkmodule, die entwickelt wurden, um Versand- und Transportkosten zu senken und die Nutzung erneuerbarer Energien weltweit zu beschleunigen. Die Kombination mit unserer innovativen <a href=\"https:\/\/brunstock.com\/german\/sf6-free-primary-gis\/\">SF6-freien Schaltanlage<\/a> sorgt f\u00fcr eine geringere Umweltbelastung als \u00e4ltere Technologien.<\/p>\n<p>[\/et_pb_text][et_pb_text ul_item_indent=&#8221;35px&#8221; _builder_version=&#8221;4.27.4&#8243; _module_preset=&#8221;default&#8221; text_font=&#8221;TWKLausanne 300||||||||&#8221; text_text_color=&#8221;#000000&#8243; ul_line_height=&#8221;1.8em&#8221; custom_margin=&#8221;33px||12px|||&#8221; locked=&#8221;off&#8221; global_colors_info=&#8221;{}&#8221;]<\/p>\n<h2 class=\"CPH3new\"><span lang=\"EN-AU\"><strong>Sekund\u00e4rschaltanlagen-Kiosk (MS-Sekund\u00e4rsammelstation)<\/strong><\/span><\/h2>\n<p>Unsere Kiosk-Umspannwerke sind kompakte Sekund\u00e4rschaltanlagenr\u00e4ume mit vielen verschiedenen Bezeichnungen, darunter:<\/p>\n<ul>\n<li>Verteiler-Kioske<\/li>\n<li>Schaltschr\u00e4nke<\/li>\n<li>Modulare Umspannwerke<\/li>\n<li>Unterbau-Umspannwerke<\/li>\n<li>Rahmen-Umspannwerke<\/li>\n<li>Schaltr\u00e4ume<\/li>\n<li>Schaltanlagenr\u00e4ume oder -geb\u00e4ude<\/li>\n<li>Schaltstationen<\/li>\n<\/ul>\n<p>Modulare Umspannwerke wie dieses sind praktisch, schnell zu installieren und lassen sich bei Bedarf an Ihrem Standort oder Projekt einfach versetzen oder austauschen. Zuverl\u00e4ssigkeit, Sicherheit, Schnelligkeit und Komfort sind Gr\u00fcnde, sich f\u00fcr einen Brunstock-Kiosk gegen\u00fcber der Konkurrenz zu entscheiden. Verteilerkioske werden in den Bereichen <a href=\"https:\/\/brunstock.com\/german\/utilities\/\">Versorgung<\/a>, <a href=\"https:\/\/brunstock.com\/german\/renewables\/\">Erneuerbare Energien<\/a>, <a href=\"https:\/\/brunstock.com\/german\/infrastructure\/\">Infrastruktur und Transport<\/a>, <a href=\"https:\/\/brunstock.com\/german\/mining\/\">Bergbau<\/a>, <a href=\"https:\/\/brunstock.com\/german\/oil-and-gas\/\">\u00d6l und Gas<\/a> und gewerblichen Anwendungen eingesetzt.<\/p>\n<p>Einer der gefragtesten Standorte f\u00fcr unsere Umspannwerkskioske sind Anlagen f\u00fcr erneuerbare Energien wie Solarparks und Batteriespeichersysteme. Unsere Kioske und <a href=\"https:\/\/brunstock.com\/german\/step-up-transformer-substations\/\">Aufw\u00e4rtsstationen<\/a> wandeln Strom mithilfe von Transformatoren, Schaltanlagen, einem PCS und anderen Komponenten um, die je nach Projekt in das Metallgeh\u00e4use integriert werden k\u00f6nnen.<\/p>\n<p>Die Vielseitigkeit dieser Produkte erm\u00f6glicht eine individuelle Konfiguration f\u00fcr jedes Projekt und gleichzeitig den Vorteil zeitsparender vorgefertigter Strukturen und Komponenten.<\/p>\n<p>[\/et_pb_text][\/et_pb_column][\/et_pb_row][et_pb_row _builder_version=&#8221;4.25.0&#8243; _module_preset=&#8221;default&#8221; width=&#8221;90%&#8221; max_width=&#8221;1200px&#8221; global_colors_info=&#8221;{}&#8221;][et_pb_column type=&#8221;4_4&#8243; _builder_version=&#8221;4.25.0&#8243; _module_preset=&#8221;default&#8221; global_colors_info=&#8221;{}&#8221;][et_pb_image src=&#8221;https:\/\/brunstock.com\/wp-content\/uploads\/2024\/06\/BGS40in-kiosk.webp&#8221; alt=&#8221;Step-up skid station with a central PCS, SF6-free, environmentally friendly&#8221; title_text=&#8221;BGS40in-kiosk&#8221; _builder_version=&#8221;4.27.4&#8243; _module_preset=&#8221;default&#8221; global_colors_info=&#8221;{}&#8221;][\/et_pb_image][\/et_pb_column][\/et_pb_row][et_pb_row _builder_version=&#8221;4.27.4&#8243; _module_preset=&#8221;default&#8221; width=&#8221;90%&#8221; max_width=&#8221;1200px&#8221; custom_padding=&#8221;||0px|||&#8221; global_colors_info=&#8221;{}&#8221;][et_pb_column type=&#8221;4_4&#8243; _builder_version=&#8221;4.25.0&#8243; _module_preset=&#8221;default&#8221; global_colors_info=&#8221;{}&#8221;][et_pb_text ul_item_indent=&#8221;35px&#8221; _builder_version=&#8221;4.27.4&#8243; _module_preset=&#8221;default&#8221; text_font=&#8221;TWKLausanne 300||||||||&#8221; text_text_color=&#8221;#000000&#8243; ul_line_height=&#8221;1.8em&#8221; custom_margin=&#8221;||12px|||&#8221; locked=&#8221;off&#8221; global_colors_info=&#8221;{}&#8221;]<\/p>\n<h2 class=\"CPH3new\"><strong><span lang=\"EN-AU\">Prim\u00e4rschaltanlagen-E-H\u00e4user (Stromsammelstation)<\/span><\/strong><\/h2>\n<p>Die Prim\u00e4rschaltanlagen oder E-H\u00e4user von Brunstock sind witterungsbest\u00e4ndig und sch\u00fctzen die elektrischen Ger\u00e4te im Inneren, egal ob es in der Umgebung sehr kalt, sehr hei\u00df, trocken, feucht, staubig oder von Sch\u00e4dlingen wie Nagetieren befallen ist. Dank Rampen und Treppen steht die gesamte Struktur unabh\u00e4ngig von jeglichen Geb\u00e4uden auf einem Stahlrahmen. Sie eignet sich ideal f\u00fcr abgelegene Standorte oder Anwendungen mit begrenztem Platzangebot, bei denen Schnelligkeit und Langlebigkeit gefragt sind, ohne dass teure und zeitaufw\u00e4ndige Bauarbeiten an Ihrem Energiestandort erforderlich sind.[\/et_pb_text][\/et_pb_column][\/et_pb_row][et_pb_row _builder_version=&#8221;4.25.0&#8243; _module_preset=&#8221;default&#8221; width=&#8221;90%&#8221; max_width=&#8221;1200px&#8221; global_colors_info=&#8221;{}&#8221;][et_pb_column type=&#8221;4_4&#8243; _builder_version=&#8221;4.25.0&#8243; _module_preset=&#8221;default&#8221; global_colors_info=&#8221;{}&#8221;][et_pb_image src=&#8221;https:\/\/brunstock.com\/wp-content\/uploads\/2024\/06\/primary-collector-station-warwick1000sfw.jpg&#8221; alt=&#8221;Brunstock primary collector station (ehouse) substation&#8221; title_text=&#8221;primary-collector-station-warwick1000sfw&#8221; _builder_version=&#8221;4.27.4&#8243; _module_preset=&#8221;default&#8221; global_colors_info=&#8221;{}&#8221;][\/et_pb_image][\/et_pb_column][\/et_pb_row][et_pb_row _builder_version=&#8221;4.25.0&#8243; _module_preset=&#8221;default&#8221; width=&#8221;90%&#8221; max_width=&#8221;1200px&#8221; global_colors_info=&#8221;{}&#8221;][et_pb_column type=&#8221;4_4&#8243; _builder_version=&#8221;4.25.0&#8243; _module_preset=&#8221;default&#8221; global_colors_info=&#8221;{}&#8221;][dipl_button inline_buttons=&#8221;on&#8221; disabled_on=&#8221;on|on|on&#8221; _builder_version=&#8221;4.25.0&#8243; _module_preset=&#8221;default&#8221; custom_margin=&#8221;||||false|false&#8221; disabled=&#8221;on&#8221; global_colors_info=&#8221;{}&#8221;][dipl_button_item button_text=&#8221;Download Brochure &#8221; background_fill_style=&#8221;slide_down_fill&#8221; button_custom_margin=&#8221;|10px|||false|false&#8221; button_custom_padding=&#8221;|20px||20px|false|true&#8221; button_bg_use_color_gradient=&#8221;on&#8221; button_bg_color_gradient_stops=&#8221;#2f91c6 0%|#0c71c3 100%&#8221; _builder_version=&#8221;4.25.0&#8243; _module_preset=&#8221;default&#8221; button_font=&#8221;Poppins||||||||&#8221; button_text_color=&#8221;#FFFFFF&#8221; button_font_size=&#8221;16px&#8221; button_letter_spacing=&#8221;0.5px&#8221; global_colors_info=&#8221;{}&#8221;][\/dipl_button_item][dipl_button_item button_text=&#8221;Download Catalogue&#8221; background_fill_style=&#8221;slide_down_fill&#8221; button_custom_margin=&#8221;|10px|||false|false&#8221; button_custom_padding=&#8221;|20px||20px|false|true&#8221; button_bg_use_color_gradient=&#8221;on&#8221; button_bg_color_gradient_stops=&#8221;#4bc621 0%|#00ae4d 100%&#8221; _builder_version=&#8221;4.25.0&#8243; _module_preset=&#8221;default&#8221; button_font=&#8221;Poppins||||||||&#8221; button_text_color=&#8221;#FFFFFF&#8221; button_font_size=&#8221;16px&#8221; button_letter_spacing=&#8221;0.5px&#8221; global_colors_info=&#8221;{}&#8221;][\/dipl_button_item][dipl_button_item button_text=&#8221;Download Technical Data Sheet&#8221; background_fill_style=&#8221;slide_down_fill&#8221; button_custom_margin=&#8221;|10px|||false|false&#8221; button_custom_padding=&#8221;|20px||20px|false|true&#8221; button_bg_use_color_gradient=&#8221;on&#8221; button_bg_color_gradient_stops=&#8221;#2f91c6 0%|#0c71c3 100%&#8221; _builder_version=&#8221;4.25.0&#8243; _module_preset=&#8221;default&#8221; button_font=&#8221;Poppins||||||||&#8221; button_text_color=&#8221;#FFFFFF&#8221; button_font_size=&#8221;16px&#8221; button_letter_spacing=&#8221;0.5px&#8221; global_colors_info=&#8221;{}&#8221;][\/dipl_button_item][\/dipl_button][\/et_pb_column][\/et_pb_row][et_pb_row _builder_version=&#8221;4.27.0&#8243; _module_preset=&#8221;default&#8221; global_colors_info=&#8221;{}&#8221;][et_pb_column type=&#8221;4_4&#8243; _builder_version=&#8221;4.27.0&#8243; _module_preset=&#8221;default&#8221; global_colors_info=&#8221;{}&#8221;][et_pb_heading title=&#8221;Das k\u00f6nnte Sie auch interessieren&#8221; admin_label=&#8221;You might also be interested in&#8221; _builder_version=&#8221;4.27.4&#8243; _module_preset=&#8221;default&#8221; title_level=&#8221;h2&#8243; text_shadow_style=&#8221;preset1&#8243; global_colors_info=&#8221;{}&#8221;][\/et_pb_heading][et_pb_text _builder_version=&#8221;4.27.4&#8243; _module_preset=&#8221;default&#8221; global_colors_info=&#8221;{}&#8221;]Gr\u00fcnes GIS<\/p>\n<ul>\n<li><a href=\"https:\/\/brunstock.com\/german\/sf6-free-primary-gis\/\">Prim\u00e4rschaltanlagen<\/a><\/li>\n<li><a href=\"https:\/\/brunstock.com\/german\/sf6-free-switchgear\/\">Sekund\u00e4rschaltanlagen<\/a><\/li>\n<li><a href=\"https:\/\/brunstock.com\/german\/medium-voltage-switchgear-kiosks\/\">Mittelspannungsschaltanlagen-Kioske<\/a><\/li>\n<\/ul>\n<p>[\/et_pb_text][et_pb_text admin_label=&#8221;2026 CTA German&#8221; _builder_version=&#8221;4.27.4&#8243; _module_preset=&#8221;default&#8221; global_colors_info=&#8221;{}&#8221; theme_builder_area=&#8221;post_content&#8221;]<\/p>\n<p style=\"text-align: center;\"><img loading=\"lazy\" decoding=\"async\" class=\"wp-image-3705 aligncenter size-full\" src=\"https:\/\/brunstock.com\/german\/wp-content\/uploads\/2025\/12\/Brunstock200.png\" alt=\"Brunstock logo\" width=\"200\" height=\"33\" \/><\/p>\n<p style=\"text-align: center;\"><img loading=\"lazy\" decoding=\"async\" class=\"aligncenter wp-image-3706\" src=\"https:\/\/brunstock.com\/german\/wp-content\/uploads\/2025\/12\/contact-us-Brunstock-blue-246x300.png\" alt=\"Kontakt\u2011Icon \u2013 Mobiltelefon und Sprechblase\" width=\"70\" height=\"85\" srcset=\"https:\/\/brunstock.com\/german\/wp-content\/uploads\/2025\/12\/contact-us-Brunstock-blue-246x300.png 246w, https:\/\/brunstock.com\/german\/wp-content\/uploads\/2025\/12\/contact-us-Brunstock-blue.png 278w\" sizes=\"(max-width: 70px) 100vw, 70px\" \/><\/p>\n<p style=\"text-align: center;\"><a href=\"https:\/\/brunstock.com\/german\/contact-us\/\">Kontaktieren Sie noch heute Ihren lokalen Brunstock\u2011Vertreter!<\/a><\/p>\n<p>[\/et_pb_text][\/et_pb_column][\/et_pb_row][\/et_pb_section]<\/p>\n","protected":false},"excerpt":{"rendered":"<p>Ehouse- und Kiosk-Umspannwerke Brunstock bietet modulare Umspannwerke an, die nicht gr\u00f6\u00dfer als ein Standard-Versandcontainer sind. Ob Sie eine Sekund\u00e4rsammelstation (Mittelspannungs-Schaltanlagenkiosk) oder ein Prim\u00e4rschaltanlagengeh\u00e4use (Ehouse) ben\u00f6tigen \u2013 Brunstock fertigt die passende Struktur f\u00fcr Ihr Umspannwerk. Unsere vollintegrierten Umspannwerke sind schnell gefertigt. Viele der Umspannwerksl\u00f6sungen von Brunstock sind bereits nach sechs Wochen werksfertig. Die Exzellenz spiegelt sich [&hellip;]<\/p>\n","protected":false},"author":3,"featured_media":0,"parent":0,"menu_order":0,"comment_status":"closed","ping_status":"closed","template":"","meta":{"_et_pb_use_builder":"on","_et_pb_old_content":"","_et_gb_content_width":"","footnotes":""},"class_list":["post-583","page","type-page","status-publish","hentry"],"_links":{"self":[{"href":"https:\/\/brunstock.com\/german\/wp-json\/wp\/v2\/pages\/583","targetHints":{"allow":["GET"]}}],"collection":[{"href":"https:\/\/brunstock.com\/german\/wp-json\/wp\/v2\/pages"}],"about":[{"href":"https:\/\/brunstock.com\/german\/wp-json\/wp\/v2\/types\/page"}],"author":[{"embeddable":true,"href":"https:\/\/brunstock.com\/german\/wp-json\/wp\/v2\/users\/3"}],"replies":[{"embeddable":true,"href":"https:\/\/brunstock.com\/german\/wp-json\/wp\/v2\/comments?post=583"}],"version-history":[{"count":42,"href":"https:\/\/brunstock.com\/german\/wp-json\/wp\/v2\/pages\/583\/revisions"}],"predecessor-version":[{"id":3736,"href":"https:\/\/brunstock.com\/german\/wp-json\/wp\/v2\/pages\/583\/revisions\/3736"}],"wp:attachment":[{"href":"https:\/\/brunstock.com\/german\/wp-json\/wp\/v2\/media?parent=583"}],"curies":[{"name":"wp","href":"https:\/\/api.w.org\/{rel}","templated":true}]}}